{"id":7,"date":"2026-01-03T19:50:51","date_gmt":"2026-01-03T19:50:51","guid":{"rendered":"https:\/\/wna.dbox.pl\/?page_id=7"},"modified":"2026-01-05T17:03:46","modified_gmt":"2026-01-05T17:03:46","slug":"home","status":"publish","type":"page","link":"https:\/\/wna.dbox.pl\/","title":{"rendered":"Home"},"content":{"rendered":"\t\t<div data-elementor-type=\"wp-post\" data-elementor-id=\"7\" class=\"elementor elementor-7\">\n\t\t\t\t<div class=\"elementor-element elementor-element-ea49fc1 e-flex e-con-boxed e-con e-parent\" data-id=\"ea49fc1\" data-element_type=\"container\">\n\t\t\t\t\t<div class=\"e-con-inner\">\n\t\t\t\t<div class=\"elementor-element elementor-element-62ee281 elementor-widget elementor-widget-image\" data-id=\"62ee281\" data-element_type=\"widget\" data-widget_type=\"image.default\">\n\t\t\t\t\t\t\t\t\t\t\t\t\t\t\t<img fetchpriority=\"high\" decoding=\"async\" width=\"800\" height=\"266\" src=\"https:\/\/wna.dbox.pl\/wp-content\/uploads\/2026\/01\/logo-2.png\" class=\"attachment-large size-large wp-image-50\" alt=\"\" srcset=\"https:\/\/wna.dbox.pl\/wp-content\/uploads\/2026\/01\/logo-2.png 1016w, https:\/\/wna.dbox.pl\/wp-content\/uploads\/2026\/01\/logo-2-300x100.png 300w, https:\/\/wna.dbox.pl\/wp-content\/uploads\/2026\/01\/logo-2-768x255.png 768w\" sizes=\"(max-width: 800px) 100vw, 800px\" \/>\t\t\t\t\t\t\t\t\t\t\t\t\t\t\t<\/div>\n\t\t\t\t\t<\/div>\n\t\t\t\t<\/div>\n\t\t<div class=\"elementor-element elementor-element-5b8377c e-flex e-con-boxed e-con e-parent\" data-id=\"5b8377c\" data-element_type=\"container\">\n\t\t\t\t\t<div class=\"e-con-inner\">\n\t\t\t\t<div class=\"elementor-element elementor-element-f97fd53 elementor-widget__width-initial elementor-widget elementor-widget-text-editor\" data-id=\"f97fd53\" data-element_type=\"widget\" data-widget_type=\"text-editor.default\">\n\t\t\t\t\t\t\t\t\t<h2 style=\"text-align: left;\"><span style=\"color: #545454;\"><strong>Oferujemy szeroki wachlarz us\u0142ug architektonicznych:<\/strong><\/span><\/h2><h3 style=\"text-align: left;\"><span style=\"color: #545454;\">architektur\u0119 mieszkaniow\u0105, us\u0142ugow\u0105, przemys\u0142ow\u0105, obiekty zoologiczne, wystawienniczo-hodowlane, oceanaria, a tak\u017ce\u00a0<span style=\"font-family: inherit; font-size: 1.75rem;\">doradztwo inwestycyjne, projekty funkcjonalno-u\u017cytkowe (PFU)<\/span><\/span><\/h3>\t\t\t\t\t\t\t\t<\/div>\n\t\t\t\t\t<\/div>\n\t\t\t\t<\/div>\n\t\t<div class=\"elementor-element elementor-element-67c9ba9 e-flex e-con-boxed e-con e-parent\" data-id=\"67c9ba9\" data-element_type=\"container\">\n\t\t\t\t\t<div class=\"e-con-inner\">\n\t\t<div class=\"elementor-element elementor-element-a4dadae e-con-full e-flex e-con e-child\" data-id=\"a4dadae\" data-element_type=\"container\">\n\t\t\t\t<\/div>\n\t\t<div class=\"elementor-element elementor-element-369a81e e-con-full e-flex e-con e-child\" data-id=\"369a81e\" data-element_type=\"container\">\n\t\t\t\t<\/div>\n\t\t<div class=\"elementor-element elementor-element-fa536ed e-con-full e-flex e-con e-child\" data-id=\"fa536ed\" data-element_type=\"container\">\n\t\t\t\t<\/div>\n\t\t<div class=\"elementor-element elementor-element-dfd7002 e-con-full e-flex e-con e-child\" data-id=\"dfd7002\" data-element_type=\"container\">\n\t\t\t\t<\/div>\n\t\t<div class=\"elementor-element elementor-element-83afe94 e-con-full e-flex e-con e-child\" data-id=\"83afe94\" data-element_type=\"container\">\n\t\t\t\t<\/div>\n\t\t<div class=\"elementor-element elementor-element-abec7be e-con-full e-flex e-con e-child\" data-id=\"abec7be\" data-element_type=\"container\">\n\t\t\t\t<\/div>\n\t\t\t\t\t<\/div>\n\t\t\t\t<\/div>\n\t\t<div class=\"elementor-element elementor-element-76f38bf e-flex e-con-boxed e-con e-parent\" data-id=\"76f38bf\" data-element_type=\"container\">\n\t\t\t\t\t<div class=\"e-con-inner\">\n\t\t<div class=\"elementor-element elementor-element-a5ae65e e-con-full e-flex e-con e-child\" data-id=\"a5ae65e\" data-element_type=\"container\">\n\t\t\t\t<div class=\"elementor-element elementor-element-77183c6 elementor-widget elementor-widget-image\" data-id=\"77183c6\" data-element_type=\"widget\" data-widget_type=\"image.default\">\n\t\t\t\t\t\t\t\t\t\t\t\t\t\t\t<img decoding=\"async\" width=\"596\" height=\"596\" src=\"https:\/\/wna.dbox.pl\/wp-content\/uploads\/2026\/01\/gdanska_p-kopia.png\" class=\"attachment-medium_large size-medium_large wp-image-74\" alt=\"\" srcset=\"https:\/\/wna.dbox.pl\/wp-content\/uploads\/2026\/01\/gdanska_p-kopia.png 596w, https:\/\/wna.dbox.pl\/wp-content\/uploads\/2026\/01\/gdanska_p-kopia-300x300.png 300w, https:\/\/wna.dbox.pl\/wp-content\/uploads\/2026\/01\/gdanska_p-kopia-150x150.png 150w\" sizes=\"(max-width: 596px) 100vw, 596px\" \/>\t\t\t\t\t\t\t\t\t\t\t\t\t\t\t<\/div>\n\t\t\t\t<\/div>\n\t\t<div class=\"elementor-element elementor-element-6db15d7 e-con-full e-flex e-con e-child\" data-id=\"6db15d7\" data-element_type=\"container\">\n\t\t\t\t<div class=\"elementor-element elementor-element-fa30d79 elementor-widget elementor-widget-image\" data-id=\"fa30d79\" data-element_type=\"widget\" data-widget_type=\"image.default\">\n\t\t\t\t\t\t\t\t\t\t\t\t\t\t\t<img decoding=\"async\" width=\"768\" height=\"768\" src=\"https:\/\/wna.dbox.pl\/wp-content\/uploads\/2026\/01\/michal21_p-768x768.png\" class=\"attachment-medium_large size-medium_large wp-image-77\" alt=\"\" srcset=\"https:\/\/wna.dbox.pl\/wp-content\/uploads\/2026\/01\/michal21_p-768x768.png 768w, https:\/\/wna.dbox.pl\/wp-content\/uploads\/2026\/01\/michal21_p-300x300.png 300w, https:\/\/wna.dbox.pl\/wp-content\/uploads\/2026\/01\/michal21_p-150x150.png 150w, https:\/\/wna.dbox.pl\/wp-content\/uploads\/2026\/01\/michal21_p.png 781w\" sizes=\"(max-width: 768px) 100vw, 768px\" \/>\t\t\t\t\t\t\t\t\t\t\t\t\t\t\t<\/div>\n\t\t\t\t<\/div>\n\t\t<div class=\"elementor-element elementor-element-6b5a014 e-con-full e-flex e-con e-child\" data-id=\"6b5a014\" data-element_type=\"container\">\n\t\t\t\t<\/div>\n\t\t<div class=\"elementor-element elementor-element-ab4a8d5 e-con-full e-flex e-con e-child\" data-id=\"ab4a8d5\" data-element_type=\"container\">\n\t\t\t\t<\/div>\n\t\t<div class=\"elementor-element elementor-element-05f0fd8 e-con-full e-flex e-con e-child\" data-id=\"05f0fd8\" data-element_type=\"container\">\n\t\t\t\t<\/div>\n\t\t<div class=\"elementor-element elementor-element-f01dd8b e-con-full e-flex e-con e-child\" data-id=\"f01dd8b\" data-element_type=\"container\">\n\t\t\t\t<\/div>\n\t\t\t\t\t<\/div>\n\t\t\t\t<\/div>\n\t\t\t\t<\/div>\n\t\t","protected":false},"excerpt":{"rendered":"<p>Oferujemy szeroki wachlarz us\u0142ug architektonicznych: architektur\u0119 mieszkaniow\u0105, us\u0142ugow\u0105, przemys\u0142ow\u0105, obiekty zoologiczne, wystawienniczo-hodowlane, oceanaria, a tak\u017ce\u00a0doradztwo inwestycyjne, projekty funkcjonalno-u\u017cytkowe (PFU)<\/p>\n","protected":false},"author":1,"featured_media":0,"parent":0,"menu_order":0,"comment_status":"closed","ping_status":"closed","template":"","meta":{"_acf_changed":false,"footnotes":""},"class_list":["post-7","page","type-page","status-publish","hentry"],"acf":[],"_links":{"self":[{"href":"https:\/\/wna.dbox.pl\/index.php?rest_route=\/wp\/v2\/pages\/7","targetHints":{"allow":["GET"]}}],"collection":[{"href":"https:\/\/wna.dbox.pl\/index.php?rest_route=\/wp\/v2\/pages"}],"about":[{"href":"https:\/\/wna.dbox.pl\/index.php?rest_route=\/wp\/v2\/types\/page"}],"author":[{"embeddable":true,"href":"https:\/\/wna.dbox.pl\/index.php?rest_route=\/wp\/v2\/users\/1"}],"replies":[{"embeddable":true,"href":"https:\/\/wna.dbox.pl\/index.php?rest_route=%2Fwp%2Fv2%2Fcomments&post=7"}],"version-history":[{"count":46,"href":"https:\/\/wna.dbox.pl\/index.php?rest_route=\/wp\/v2\/pages\/7\/revisions"}],"predecessor-version":[{"id":96,"href":"https:\/\/wna.dbox.pl\/index.php?rest_route=\/wp\/v2\/pages\/7\/revisions\/96"}],"wp:attachment":[{"href":"https:\/\/wna.dbox.pl\/index.php?rest_route=%2Fwp%2Fv2%2Fmedia&parent=7"}],"curies":[{"name":"wp","href":"https:\/\/api.w.org\/{rel}","templated":true}]}}